 What are the prime factors of y(-7)?
2, 3
Suppose 2*g - 40 = -6. Suppose 2*z = 97 - g. What are the prime factors of z?
2, 5
Suppose j + 1211 = 4*p, 3*p + 5*j = 332 + 605. List the prime factors of p.
2, 19
List the prime factors of (-28)/154 - 24/(-33)*564.
2, 5, 41
Suppose 3*j + 8 + 1 = 0, 2*a - 40 = 4*j. List the prime factors of (-939)/(-21) - (-4)/a.
3, 5
Let u(d) = 255*d**2 - 2*d + 2. Let g be u(1). Suppose f - g = -4*f. List the prime factors of f.
3, 17
Let h = -42 + 12. What are the prime factors of -4 + 3 + -3 - h?
2, 13
Let c(f) = -f**2 - 16*f - 6. Let g be c(-13). Let s = -22 + g. What are the prime factors of s?
11
What are the prime factors of 715/(-130) + (-2)/4 + 2133?
3, 709
Let v = 19 + -20. What are the prime factors of -26*(-11 + 9)*v/(-2)?
2, 13
Let h be (-5)/(-1)*(-324)/(-15). Let i = -70 + h. List the prime factors of i.
2, 19
Let i(b) = -b**3 - b**2 - 4*b - 4. Suppose 0 = -v + 2*v + 4. List the prime factors of i(v).
2, 3, 5
Let h = 6123 + -3207. List the prime factors of h.
2, 3
Suppose 0 = -z - v + 4, z + 4*v = 19. What are the prime factors of z + 131 + (-5)/(-1)?
3, 5
Suppose 2*o = 6 + 64. Suppose -o + 5 = -2*l. What are the prime factors of l?
3, 5
What are the prime factors of ((-9)/(-45))/(2/(-5))*-744?
2, 3, 31
Suppose -5*d - 6*u + 206 = -2*u, -3*d - 4*u = -122. Suppose -2*a - 3*a + 4*x = -48, 5*x = 4*a - d. Suppose -f + 19 = -a. What are the prime factors of f?
3
Let i be 24/12*3/2. Let u be ((-12)/i)/8*-66. Let k = u - 4. What are the prime factors of k?
29
Suppose 4*a = a + q + 2387, 5*a - 3*q = 3981. List the prime factors of a.
3, 5, 53
Let z(j) = -j + 1. Let f be z(-4). Suppose -25 + f = -5*r. Suppose g - r*v - 12 = 0, 0*g + g + 2*v = 6. List the prime factors of g.
2
Suppose -4*x = 6 + 14. Let t = x + -7. What are the prime factors of ((-12)/(-3))/(t/(-42))?
2, 7
Suppose -5*f - 31*d + 771 = -29*d, -2*d + 151 = f. List the prime factors of f.
5, 31
Suppose -4*h + 3*h - 965 = 0. Let j = -646 - h. List the prime factors of j.
11, 29
Let j(n) be the second derivative of -7*n**3/6 - 3*n**2/2 + 6*n. Let u be j(-6). Suppose -4*v = -5 - u. What are the prime factors of v?
11
Suppose 4*l = -102 + 830. What are the prime factors of l?
2, 7, 13
Let q(t) = -t**2 + 4*t - 14*t**2 + 5*t**3 + 30 - 4*t**3 - 5. What are the prime factors of q(15)?
5, 17
List the prime factors of ((-903)/(-387))/((-2)/2982*-1).
7, 71
Let h(k) = -k**2 + 26*k + 241. List the prime factors of h(27).
2, 107
Let j(s) = -s**2 - 13*s - 1. Let a be j(-4). Suppose a*p - 32 = 33*p. What are the prime factors of p?
2
Let h be ((-1)/(-2))/((-15)/(-6600)). Suppose 2*g + h = 6*g. List the prime factors of g.
5, 11
Suppose -a = p + 11, 3*a - 5*p + 5 = -4. Let u be (a/(-10))/2*100. Suppose -4*b - b - 2*x + u = 0, 5*b - 45 = -x. What are the prime factors of b?
2, 5
Let u(x) = 2*x**2 - 7*x - 3. Let m be u(8). Let q = m - -21. List the prime factors of q.
2, 3, 5
Let a be (18/(-12))/(3/(-4)). Let l be (7 - 7)/(-4 + a). Suppose 17 = 5*p + y - 83, l = y + 5. What are the prime factors of p?
3, 7
Suppose 3*p = -12, -5*u = p - 0*p - 4376. List the prime factors of u.
2, 3, 73
Suppose 7*l - f - 13 = 4*l, -32 = -4*l + 5*f. Suppose -l*k = -6*k + 60. List the prime factors of 6/(-2)*k/(-3).
2, 5
Let t(f) be the second derivative of -2*f**4/3 + f**3/3 + 3*f**2/2 + f. Let q be t(-2). List the prime factors of (-6)/q + (-128)/(-22).
2, 3
Suppose 0 = -6*v - 79 + 505. What are the prime factors of v?
71
Let q(g) be the third derivative of g**6/120 - g**4/12 + 29*g**3/6 + 18*g**2. List the prime factors of q(0).
29
Suppose 0 = -5*y - 5*r + 25, 2*r - 6*r = -16. Let c(n) = 25*n**3 + 2*n**2 - n - 1. What are the prime factors of c(y)?
5
Let l = -1197 - -2188. What are the prime factors of l?
991
Let x be 4*(-2)/(16/(-426)). Let n = x - 136. List the prime factors of n.
7, 11
Let n(y) = -y**2 + 2*y - 5 + 11*y - 1. Suppose -2*m + 0*f = -3*f - 6, 2*m = f + 10. List the prime factors of n(m).
2, 3
Suppose 13*u - 21*u = -2928. List the prime factors of u.
2, 3, 61
Suppose -10*h - 1042 = -312. Let r = -49 - h. List the prime factors of r.
2, 3
Suppose -97 = -5*h - 27. What are the prime factors of h?
2, 7
Let j(p) = -p - 4. Let u be j(-5). Let y(t) = 9*t**3 - t. List the prime factors of y(u).
2
Let r = 0 - -2. Suppose -6*w + g = -r*w - 489, -5*w = -2*g - 609. List the prime factors of w.
3, 41
Suppose -s + 6*s = -540. Let t = 3 - s. List the prime factors of t.
3, 37
Suppose -2*c + 1237 = 5*y, 2*c - y - 559 = 684. What are the prime factors of c?
3, 23
Suppose 15*k = -12*k + 4779. List the prime factors of k.
3, 59
Let f(u) = u**3 + u**2 + 3*u + 2. Let p = -12 - -10. Let b be f(p). Let c(o) = o**2 + 5*o + 2. What are the prime factors of c(b)?
2, 13
Let y(u) = -2*u**2 - 22*u. Let o be y(-11). Suppose o = 4*g - 331 - 89. What are the prime factors of g?
3, 5, 7
Suppose 0 = g + 15 + 15. Let a = -43 - g. Let x = 10 - a. List the prime factors of x.
23
Let h(m) = m**2 + 9*m - 2. Let k be h(-10). Let t(p) = -2*p**2 + 19*p - 4. What are the prime factors of t(k)?
2, 5
Suppose -73*h + 178785 = -158986. What are the prime factors of h?
7, 661
Let v be (44/33)/((-2)/(-3)). Suppose -v*f - 106 = -24. Let k = -28 - f. List the prime factors of k.
13
Let q = -24 + 23. Let j = q - -7. List the prime factors of (-24*j/(-4))/2.
2, 3
Let k = -95 - -144. Suppose -11*c = -16*c - 5. Let i = k + c. List the prime factors of i.
2, 3
Let w be 21 - ((-3)/5 + 2/(-5)). Let n(f) = 3*f + 22. List the prime factors of n(w).
2, 11
Let k(d) = -d**2 - 11*d + 2. Let t be 14/63 + 202/(-18). Let h be k(t). What are the prime factors of 7/(-7) + 6/h?
2
Let u = 1726 - 1437. List the prime factors of u.
17
Let m(y) = y - 1. Let c be m(3). Suppose -c*b = 3*q + 4, -2*q - q = 3*b. List the prime factors of b.
2
Let x = -42 + 47. Suppose x*o = 6*o - 94. List the prime factors of o.
2, 47
Let l be (-3)/(-9) + 80/(-6). Let q = 15 + l. Suppose 9 = -q*j + 95. What are the prime factors of j?
43
Suppose -i - 2*i - 4*c = -240, -c = -3. Let w = 107 - i. List the prime factors of w.
31
Suppose -3*h + 2*l - 4 = 0, 4*l - 3 = -h - 9. Let k = 12 + -12. List the prime factors of (-29)/h*(2 - k).
29
Suppose -p = p - g - 70, 5*p - 5*g - 180 = 0. Suppose p*d - 39*d = -370. List the prime factors of d.
2, 37
Let p = 462 + -270. Let i(m) = m**3 - 5*m**2 - 6*m + 4. Let c be i(6). Suppose c*y - d - p = -12, 5*d - 24 = -y. List the prime factors of y.
2, 11
Let b be ((-6)/15 + (-931)/(-15))*9. Suppose -3*x = 12*x - b. What are the prime factors of x?
37
Let y = 1061 + -550. What are the prime factors of y?
7, 73
Let u(m) be the second derivative of m**6/180 - m**5/15 - m**4/12 + m**3 + 5*m. Let c(v) be the second derivative of u(v). What are the prime factors of c(6)?
2, 11
Let i = -142 + 896. What are the prime factors of i?
2, 13, 29
Let v = 2788 - 2550. List the prime factors of v.
2, 7, 17
Let s = -1 - 9. Let m(n) be the second derivative of -n**5/20 - 3*n**4/4 + 7*n**3/6 - 2*n**2 - 6*n - 1. List the prime factors of m(s).
2, 13
Suppose -5*v + 7*v = 4. Suppose 3*c - v*c - 60 = 0. List the prime factors of c.
2, 3, 5
Let t(l) = l**2 - 12*l + 24. Let d be t(10). Suppose d*w - 2*b = -0*b + 482, -w + 119 = -2*b. What are the prime factors of w?
11
List the prime factors of 21*(-5)/15*-409 + -2.
2861
Suppose -4*z + 859 + 537 = 0. Suppose 8*p - 917 + z = 0. List the prime factors of p.
71
Suppose 20 = 3*r + 5*y - 80, r = -y + 30. Suppose 3*s + r = 2*h, -4*s + s + 31 = 2*h. List the prime factors of h.
2, 7
Let t = -948 - -1644. List the prime factors of t.
2, 3, 29
Let u(b) = -11*b**3 + b**2 - b - 1. Let m be u(-1). Let x(h) = h - 6. Let v be x(m). Suppose 2 = -f + v. List the prime factors of f.
2
Suppose 2*l = 15 - 35. Let b(u) = -5*u - 19. Let k(j) = -14*j - 56. Let g(f) = 17*b(f) - 6*k(f). List the prime factors of g(l).
23
Let t(a) = -229*a - 24. Let j be t(-3). Suppose -j = 7*n - 2000. What are the prime factors of n?
191
Let l(m) = m**2 - 4*m + 3. Let w be l(4). Suppose -6*y + w*y + 111 = 0. List the prime factors of y.
37
Suppose 2*v + 176 = -2*w, 4*w = 14*v - 10*v - 336. Let g = w + 186. List the prime factors of g.
2, 5
Let f = 2592 + -1384. List the prime factors of f.
2, 151
Let l = -691 + 1216. Suppose -7*i + l = 98. What ar